r of 1120 and 13931365?
35
What is the highest common factor of 4574318560 and 1960?
1960
Calculate the greatest common divisor of 34 and 120995392.
34
What is the highest common factor of 1351 and 481677?
7
Calculate the highest common divisor of 18 and 40719438.
18
What is the greatest common divisor of 4805 and 2180695?
155
Calculate the greatest common factor of 898304 and 32076.
44
Calculate the greatest common factor of 20670 and 7982754.
4134
Calculate the greatest common divisor of 8 and 2714467.
1
Calculate the greatest common factor of 700161264 and 14760.
2952
Calculate the highest common divisor of 1247037 and 23839.
31
Calculate the highest common divisor of 25 and 65811150.
25
What is the greatest common factor of 100 and 48389120?
20
Calculate the greatest common factor of 116508 and 1807261.
1387
Calculate the greatest common factor of 6077 and 4648433.
59
What is the greatest common factor of 834788136 and 6552?
2184
Calculate the highest common factor of 188892 and 22137093.
5247
What is the highest common factor of 6 and 9226698?
6
Calculate the highest common factor of 299 and 61542.
13
What is the greatest common factor of 1376611 and 1639?
149
Calculate the highest common divisor of 876 and 40956.
12
Calculate the greatest common divisor of 10508130 and 120.
30
What is the greatest common divisor of 1796563452 and 236?
236
Calculate the highest common factor of 50925 and 5338977.
2037
What is the greatest common divisor of 188025 and 116725?
575
Calculate the greatest common divisor of 360 and 158155440.
120
Calculate the highest common divisor of 731295 and 5040.
45
What is the greatest common factor of 2289991 and 6617?
509
Calculate the greatest common divisor of 234400882 and 2642.
2642
Calculate the greatest common divisor of 16835 and 16205.
35
Calculate the greatest common factor of 104959648 and 30832.
752
Calculate the highest common divisor of 6016 and 7241008.
752
Calculate the greatest common divisor of 19 and 174035269.
19
What is the greatest common divisor of 9900991 and 474?
79
Calculate the highest common factor of 3693354 and 114492.
1974
What is the greatest common factor of 3080 and 10009802?
22
What is the highest common factor of 26499 and 287985?
219
What is the highest common divisor of 23698 and 42194?
578
What is the highest common factor of 1326726 and 36?
18
What is the greatest common divisor of 109 and 111797921?
109
What is the greatest common divisor of 201170942 and 602?
602
What is the greatest common divisor of 149380 and 4438?
14
What is the greatest common factor of 72 and 20086902?
18
What is the highest common divisor of 3159936 and 10944?
576
Calculate the highest common divisor of 1203761 and 18879.
899
What is the highest common divisor of 5715749 and 31?
31
Calculate the highest common factor of 12 and 287318892.
12
What is the greatest common factor of 104795694 and 3726?
162
What is the greatest common factor of 5111494 and 190?
38
What is the highest common divisor of 42946641 and 63?
9
What is the greatest common factor of 567 and 61162668?
189
Calculate the highest common factor of 240219 and 14.
7
What is the highest common divisor of 26816 and 2178368?
64
What is the greatest common factor of 33986940 and 1820?
260
Calculate the greatest common divisor of 942 and 43437347.
157
What is the greatest common factor of 12 and 3398634?
6
Calculate the highest common factor of 2536562 and 14.
14
Calculate the highest common divisor of 128861395 and 26.
13
Calculate the greatest common divisor of 14735385 and 1890.
945
Calculate the highest common factor of 65370 and 155880.
30
What is the greatest common factor of 73779860 and 4600?
460
Calculate the greatest common factor of 2489798 and 1520.
38
Calculate the greatest common divisor of 451 and 22917554.
11
What is the greatest common divisor of 28420 and 315070?
490
What is the highest common divisor of 21862865 and 10?
5
What is the greatest common divisor of 5380 and 1580?
20
What is the greatest common factor of 177 and 45371?
59
What is the greatest common factor of 25 and 30749150?
25
What is the highest common factor of 20896002 and 4050?
54
What is the highest common divisor of 208 and 467776?
16
Calculate the greatest common divisor of 46180 and 166007864.
9236
What is the highest common factor of 600471 and 3996?
9
What is the highest common divisor of 58860 and 752355?
135
Calculate the greatest common factor of 24534088 and 17936.
472
What is the highest common divisor of 752566 and 25?
1
Calculate the greatest common divisor of 35286597 and 486.
81
What is the highest common divisor of 1455015060 and 24?
12
What is the greatest common factor of 2436 and 2196222?
42
Calculate the greatest common divisor of 348532070 and 620.
310
Calculate the highest common factor of 58824 and 509580.
684
What is the highest common factor of 4685223 and 39?
3
What is the highest common factor of 41347742 and 4?
2
What is the greatest common factor of 23010 and 2827044?
354
What is the highest common factor of 447858 and 16113222?
3222
What is the highest common factor of 4779054 and 284914?
658
Calculate the greatest common factor of 646 and 31165738.
38
Calculate the highest common factor of 434728865 and 230.
115
Calculate the greatest common factor of 23872 and 17885723.
373
Calculate the highest common factor of 12097460 and 20.
20
What is the highest common factor of 35912382 and 87?
87
Calculate the greatest common divisor of 45383 and 19266.
13
What is the greatest common factor of 112 and 93842?
14
What is the greatest common divisor of 2488803809 and 10657?
10657
Calculate the highest common factor of 324 and 122296.
4
Calculate the highest common divisor of 765 and 107226315.
45
Calculate the highest common factor of 7565 and 58630263.
1513
What is the greatest common divisor of 4553524 and 133964?
1252
What is the highest common divisor of 840 and 2008524?
84
Calculate the highest common factor of 9668581 and 1443.
481
Calculate the highest common factor of 76192080 and 1200.
240
What is the greatest common factor of 37127205 and 60?
15
What is the highest common factor of 11913 and 1145463?
33
Calculate the greatest common factor of 13896023 and 18416.
1151
What is the highest common divisor of 1507 and 23203312?
11
Calculate the greatest common factor of 2700 and 2594900.
100
What is the greatest common divisor of 74690 and 2169090?
770
What is the greatest common factor of 2809185 and 1095?
15
Calculate the highest common divisor of 283370730 and 60.
30
Calculate the highest common factor of 6210 and 1549674.
18
Calculate the highest common factor of 4428 and 3909.
3
Calculate the highest common factor of 9758043 and 54.
27
Calculate the greatest common factor of 387 and 5480479.
43
What is the greatest common factor of 1040814 and 477954?
954
Calculate the highest common divisor of 30318 and 211482.
186
What is the greatest common factor of 9867 and 151415121?
429
Calculate the highest common factor of 585604 and 64604.
2084
What is the greatest common divisor of 1802299 and 904920?
7541
Calculate the greatest common factor of 114102 and 45198.
54
Calculate the highest common factor of 149364286 and 194.
194
Calculate the highest common divisor of 319696 and 27692288.
11024
Calculate the highest common divisor of 6805 and 17872652.
1361
Calculate the highest common factor of 166036 and 41612.
412
What is the greatest common factor of 9828 and 314076?
84
Calculate the highest common factor of 17995736 and 916.
916
Calculate the highest common divisor of 40440 and 1996051.
337
Calculate the highest common divisor of 106937072 and 88.
88
Calculate the highest common divisor of 290 and 834122070.
290
What is the greatest common factor of 704 and 44782144?
704
What is the highest common factor of 67458183 and 312?
39
What is the highest common divisor of 266116956 and 126?
42
What is the greatest common divisor of 32534170 and 140?
10
Calculate the highest common factor of 517391674 and 186.
62
Calculate the highest common divisor of 24087 and 602434.
259
Calculate the greatest common divisor of 242175 and 98175.
75
Calculate the greatest common factor of 25871274 and 3.
3
What is the highest common factor of 122037 and